107 composite?
False
Is 541183 a composite number?
True
Is 2374097 prime?
False
Is 5569607 a composite number?
True
Is 6673341 a composite number?
True
Is 17744327 a prime number?
True
Is 437629637 a prime number?
True
Is 5296583 a prime number?
False
Is 342098989 prime?
True
Is 1004692519 a prime number?
False
Is 2085569 composite?
False
Is 973158338 a composite number?
True
Is 3896177 prime?
False
Is 247363159 a prime number?
False
Is 32007271 prime?
False
Is 802093 a prime number?
False
Is 2468773 a composite number?
False
Is 92323943 a composite number?
False
Is 30748643 a prime number?
True
Is 1247033 a prime number?
True
Is 39661177 prime?
False
Is 4521001 composite?
False
Is 9096971 prime?
False
Is 242083861 prime?
True
Is 12285979 prime?
False
Is 71697427 prime?
True
Is 65023221 a prime number?
False
Is 13937351 prime?
True
Is 1809581 a composite number?
False
Is 7054331 prime?
False
Is 10016483 prime?
True
Is 108315817 composite?
False
Is 48482849 prime?
False
Is 26226307 a prime number?
False
Is 218361863 a prime number?
True
Is 264307 a prime number?
False
Is 2197051 prime?
False
Is 22061569 a prime number?
True
Is 1218041 prime?
False
Is 617441 a composite number?
True
Is 352261363 a prime number?
True
Is 61601333 a prime number?
False
Is 11059319 a composite number?
True
Is 8777089 a prime number?
False
Is 1814233 a prime number?
True
Is 108742117 a prime number?
False
Is 6353218 a composite number?
True
Is 2635481 composite?
False
Is 3994069 composite?
False
Is 45093263 a composite number?
True
Is 5227829 prime?
True
Is 194053259 prime?
True
Is 342442769 a prime number?
False
Is 11797691 a composite number?
False
Is 312757 a composite number?
False
Is 11840707 a composite number?
False
Is 19771447 prime?
True
Is 49791593 prime?
True
Is 3039607 composite?
True
Is 127886909 a prime number?
True
Is 131051207 a composite number?
True
Is 6425063 a prime number?
True
Is 362028941 a prime number?
False
Is 7678529 a prime number?
False
Is 325037179 a composite number?
True
Is 145511 a composite number?
False
Is 27029017 composite?
False
Is 1112989 composite?
True
Is 119170651 prime?
True
Is 809183 a composite number?
True
Is 44927 prime?
True
Is 5877829 composite?
False
Is 28609243 a prime number?
False
Is 1176097 a prime number?
False
Is 4157807 composite?
False
Is 4537373 composite?
False
Is 266962 prime?
False
Is 4192919 a composite number?
False
Is 2398537 composite?
False
Is 42101159 a composite number?
True
Is 904213 composite?
True
Is 125607593 a prime number?
False
Is 9550973 composite?
True
Is 25278301 composite?
False
Is 386151 a composite number?
True
Is 108701693 a prime number?
True
Is 4648317 a prime number?
False
Is 581989 composite?
True
Is 9086309 prime?
False
Is 51160799 a composite number?
True
Is 500453 composite?
True
Is 1685959 a prime number?
False
Is 2282381 composite?
False
Is 1207151 prime?
False
Is 39077837 a composite number?
False
Is 7693201 composite?
True
Is 198719321 prime?
True
Is 8797774 composite?
True
Is 10941493 prime?
True
Is 173046563 a prime number?
True
Is 4351693 composite?
False
Is 53274863 a composite number?
True
Is 672437471 a composite number?
True
Is 36434471 a composite number?
False
Is 217489003 prime?
True
Is 3183821 a prime number?
False
Is 36362341 a prime number?
True
Is 72449447 a prime number?
False
Is 507425599 composite?
True
Is 3412301 a prime number?
True
Is 27315227 prime?
False
Is 37742041 prime?
True
Is 944111 composite?
True
Is 115464499 prime?
False
Is 112817449 composite?
False
Is 121306399 prime?
True
Is 6184847 a prime number?
True
Is 46002643 prime?
True
Is 1096817 prime?
True
Is 2317895 prime?
False
Is 30181805 prime?
False
Is 40497679 composite?
True
Is 386567323 prime?
True
Is 10518607 prime?
False
Is 44381 a composite number?
False
Is 250570223 a prime number?
True
Is 43387419 a composite number?
True
Is 90846419 composite?
True
Is 4976459 a prime number?
True
Is 103718 a composite number?
True
Is 39610423 composite?
True
Is 1033903 prime?
False
Is 40366901 a prime number?
True
Is 23202199 a prime number?
False
Is 1017489047 prime?
True
Is 48224149 a composite number?
False
Is 408230239 composite?
True
Is 5190403 composite?
False
Is 544961 prime?
True
Is 6005477 composite?
False
Is 69004685 prime?
False
Is 418001 prime?
False
Is 28050839 composite?
False
Is 23956313 composite?
False
Is 72483443 a composite number?
False
Is 45235343 a composite number?
True
Is 6977077 prime?
False
Is 129854261 composite?
True
Is 128888867 prime?
True
Is 1211141 a composite number?
False
Is 3198799 a prime number?
True
Is 31351259 composite?
True
Is 820457 a composite number?
True
Is 61859222 prime?
False
Is 2301445 a composite number?
True
Is 29296741 a prime number?
False
Is 63949 a prime number?
True
Is 68489867 composite?
False
Is 432793835 a prime number?
False
Is 13876001 prime?
True
Is 31078373 a composite number?
False
Is 19619027 prime?
True
Is 25060117 composite?
False
Is 198585161 a prime number?
False
Is 2720623 a composite number?
False
Is 5113943 a composite number?
True
Is 29450569 prime?
True
Is 7573229 prime?
False
Is 8274011 a composite number?
False
Is 144654077 prime?
False
Is 522989 a composite number?
False
Is 1135777 prime?
True
Is 131761097 composite?
True
Is 6625859 composite?
False
Is 17100023 prime?
True
Is 8864617 a prime number?
False
Is 206618207 composite?
False
Is 84986413 prime?
False
Is 74490085 a composite number?
True
Is 6089533 a prime number?
True
Is 13571891 a composite number?
False
Is 478909 a prime number?
False
Is 16696937 a composite number?
True
Is 18322169 composite?
True
Is 4880521 composite?
False
Is 647385373 prime?
True
Is 7191127 a composite number?
False
Is 1687627 a prime number?
True
Is 53513 composite?
True
Is 515051 a composite number?
True
Is 477461 a composite number?
False
Is 35608237 a composite number?
True
Is 12531383 composite?
False
Is 123054661 a prime number?
True
Is 17255099 prime?
False
Is 10947551 composite?
False
Is 56374595 prime?
False
Is 69814549 a prime number?
False
Is 842581 a composite number?
False
Is 39668047 prime?
False
Is 514888177 composite?
False
Is 56108179 a prime number?
False
Is 14503 a composite number?
False
Is 65837993 a prime number?
False
Is 133087091 a prime number?
True
Is 139403279 a composite number?
False
Is 46356929 composite?
False
Is 991688473 a composite number?
False
Is 239325811 a prime number?
True
Is 6765673 prime?
True
Is 545839891 a composite number?
False
Is 43198087 a composite number?
False
Is 150143179 composite?
True
Is 29499733 a composite number?
False
Is 5918657 composite?
False
Is 6535937 a prime number?
False
Is 900270707 a prime number?
False
Is 144339619 a prime number?
True
Is 38339603 a composite number?
False
Is 3459763 composite?
False
Is 5616826 prime?
False
Is 9840431 a composite number?
False
Is 1284467 prime?
True
Is 151764817 a composite number?
False
Is 5045191 a prime number?
True
Is 182378458 prime?
False
Is 210994061 composite?
False
Is 13848053 a prime number?
False
Is 153688099 prime?
True
Is 95986563 a prime number?
False
Is 196594663 a prime number?
True
Is 196774 a composite number?
True
Is 60113063 a prime number?
False
Is 25512449 a composite number?
True
Is 5805689 composite?
False
Is 822383 a prime number?
True
Is 657353 composite?
True
Is 11898463 a composite number?
True
Is 115006 prime?
False
Is 3510335 prime?
False
Is 4231999 a composite number?
True
Is 37085546 composite?
True
Is 1004989603 prime?
True
Is 30751379 prime?
True
Is 2540287 composite?
True
Is 252767941 composite?
True
Is 27370183 composite?
True
Is 67933111 a composite number?
True
Is 3888463 prime?
True
Is 14354111 a composite number?
True
Is 11242919 a composite number?
True
Is 8225029 prime?
True
Is 1360529 a composite number?
False
Is 22500697 prime?
True
Is 26111521 prime?
False
Is 27517559 a prime number?
True
Is 1992299 composite?
False
Is 6422783 a prime number?
False
Is 18139307 a composite number?
False
Is 4636189 a prime number?
False
Is 6288881 prime?
True
Is 63534079 prime?
False
Is 128644051 a composite number?
False
Is 20654659 composite?
False
Is 14663395 a prime number?
False
Is 24815051 a prime number?
True
Is 197002231 composite?
False
Is 27098327 compos